-3*v + 4*c, 5*c - 55 = -i*v. Let t = -11 + 17. Calculate the remainder when v is divided by t.
3
Suppose 0*f + 5*f = z - 19, 5*z + f - 121 = 0. Let a(r) = r**3 + 10*r**2 + 14*r + 32. Calculate the remainder when a(-6) is divided by z.
20
Let x(n) = 38*n**2 - 5. What is the remainder when x(2) is divided by 10?
7
Let q(a) = 1 + 3*a + 3*a + 1. Let o be q(6). Suppose -4*c + 30 = -o. Calculate the remainder when 31 is divided by c.
14
Let x = -240 - -369. Suppose v = 2*z + 41, 3*v - x = -z + 5*z. Let t(f) = -f**3 - 3*f**2 + 6*f - 4. Calculate the remainder when v is divided by t(-5).
15
Let q(g) = -34*g + 1544. What is the remainder when 2/(0 + (-4)/(-134)) is divided by q(45)?
11
Let m = -1 - 21. Let f be (-2)/8 - m/(-8). Calculate the remainder when f*(2 + (-240)/9) is divided by 19.
17
Let i = 67 + -30. Suppose 6*c - i = 449. What is the remainder when c is divided by 28?
25
Suppose -5*v = 3*p + 40, 2*p + 5 = -0*p + v. Let j(z) = 85 - 18*z + 7*z - 107. Calculate the remainder when j(p) is divided by 17.
16
Suppose -100 = -2*u - 74. What is the remainder when 660 is divided by u?
10
Let k = -658 - -662. Let v(g) = -2*g - 7. What is the remainder when v(-7) is divided by k?
3
Let k(p) = 11*p - 9. Suppose 2*l + 3*l = 4*h - 57, 3*h + 4*l = 66. Suppose -h = -3*w - 0*w. Calculate the remainder when k(w) is divided by 15.
12
What is the remainder when 1696/5 - (7 - (-170)/(-25)) is divided by 10?
9
Suppose n + 2*v + 5 + 11 = 0, -102 = 5*n - v. What is the remainder when 107 is divided by (-66)/(-4)*n/(-15)?
19
Let l = -250 - -148. Let d(q) = 9*q. What is the remainder when -5*(l/15)/2 is divided by d(1)?
8
Suppose 2*b = w - 36, 0 = 3*b + 3 + 6. Let o = 2 - -14. What is the remainder when w is divided by o?
14
Let p(q) = 7*q**2 + 18*q + 10. Calculate the remainder when 596 is divided by p(-4).
46
Suppose -5*a = q - 50, -q + 23*a = 24*a - 58. What is the remainder when q is divided by 7?
4
Let h(t) = t**2 + 2*t - 3. Let n be (-5)/(-15) - (-16)/6. Calculate the remainder when 45 is divided by h(n).
9
Calculate the remainder when (-352)/(-7) - (108/42)/9 is divided by 34.
16
Let b = -89 - -96. Let a(q) = q**3 - 6*q**2 - 8*q + 12. What is the remainder when 20 is divided by a(b)?
0
Let t = -2 + 95. What is the remainder when 258 is divided by t?
72
Suppose p + z - 16 = -0*z, 0 = -5*p - 2*z + 68. Let w(m) = -m**2 + 19*m + 50. What is the remainder when w(20) is divided by p?
6
Suppose -a + 9 = j, 2*a - 1 - 9 = 0. Let h(u) = -3 + 0*u - 3 - u + 15. Calculate the remainder when 7 is divided by h(j).
2
Let w be 957*((-1)/(-4))/((-3)/(-4)). Suppose 5*d - 186 = w. What is the remainder when d is divided by 26?
23
Let g = 123 + 19. Calculate the remainder when g is divided by 72.
70
Let n(c) = 12*c**3 + 2*c**2 - c. Calculate the remainder when n(2) is divided by 30.
12
Let d(l) = -35*l - 25. Let z be d(-5). Let f = z + -85. Let x(p) = -3*p - 1. What is the remainder when f is divided by x(-6)?
14
Suppose 2*m - 4 = -0*m. Suppose 6*v - 36 = m*v. Let n(u) = -u**2 - 14*u - 44. Calculate the remainder when v is divided by n(-8).
1
Let z = -6 - -13. Let f = -5 - -4. What is the remainder when ((-9)/f)/3 + 17 is divided by z?
6
Suppose -1 - 23 = -6*c. Calculate the remainder when 60 is divided by (3*1/2)/(c/88).
27
Suppose 21 + 39 = 4*x. Suppose -4*h + x + 21 = 0. Calculate the remainder when (-1371)/(-27) - (-2)/h is divided by 18.
15
Suppose -6*r + 2*r = -92. Let h(l) = -l**3 - 3*l**2 - l. Let d be h(-7). Let f = d + -112. What is the remainder when f is divided by r?
22
Suppose 5*u = -4*n - 27, -4*n = -9*n + 5*u - 90. Let j(h) = -h**2 - 15*h - 5. Calculate the remainder when j(n) is divided by 10.
1
Suppose 3*x - 12 = 0, 4*l - 2*x - 17 = 71. Suppose 2*w + 9 = 101. Calculate the remainder when w is divided by l.
22
Let l = 22 + -22. Suppose l = 2*g + 26 - 48. What is the remainder when 42 is divided by g?
9
Let k = -9 - -11. Suppose -4*z + z = -150. Calculate the remainder when z is divided by 52*(3/k + -1).
24
Suppose w + 2 = 0, 150 = -0*i + 2*i - 3*w. Calculate the remainder when i is divided by 25.
22
Suppose f - 19 = 21. Let c be (780/(-150))/((-4)/(-10)). Let n = c + f. Calculate the remainder when 106 is divided by n.
25
Suppose 2*t - 3*o - 431 = 254, -2*o - 688 = -2*t. Calculate the remainder when t is divided by 35.
32
Suppose 5*s = c + 1409, 4*s - 3*c - 883 - 253 = 0. What is the remainder when s is divided by 41?
35
Suppose 0 = -2*m - 5*o + 1130, -4*m = -5*o + o - 2260. What is the remainder when m is divided by 81?
79
Suppose -57 + 77 = 4*t. Suppose 2*a - 61 = -t*x, -4*x = -3*a - 41 + 6. What is the remainder when 1 - (-21 + (1 - 0)) is divided by x?
10
What is the remainder when ((-39)/(-65))/((-2)/(-530)) + -3 is divided by 51?
3
Calculate the remainder when (-1)/4*(-216 + 32) is divided by 6.
4
What is the remainder when 97 is divided by 20/6*150/20?
22
Let y(i) = -i. Let r be y(-4). Let z(t) = 5*t + 9. Let o(l) = 3*l + 4. Let d(w) = r*z(w) - 9*o(w). Calculate the remainder when d(-6) is divided by 15.
12
Let k = -58 + 61. Suppose 0*n = n + 2*m - 20, k*m + 12 = 2*n. What is the remainder when 47 is divided by n?
11
Calculate the remainder when 683 is divided by (-2 + 12)*72/40.
17
Let m = 287 + -262. Calculate the remainder when 113 is divided by m.
13
Suppose 51*t - 48*t = -z + 48, -2*t - 234 = -4*z. Calculate the remainder when z is divided by 41.
16
Let n(f) = -f**2 - 13*f + 5. Let m be n(-13). Suppose -198 = -m*y - y. Calculate the remainder when y is divided by 12.
9
Suppose 2*q - 50 = -0*q. Suppose 249 = 48*a - 423. What is the remainder when q is divided by a?
11
Let n(a) = 2*a**3 - 3*a**2 - 8*a - 2. Calculate the remainder when n(4) is divided by 24.
22
Suppose -5*z + m - 5*m + 370 = 0, -2*m - 222 = -3*z. What is the remainder when 360 is divided by z?
64
Let l = -37 - -10. Let q = 36 + l. Let h(r) = -r - 6. What is the remainder when q is divided by h(-9)?
0
Let d(q) = q**2 - 20*q + 1. Suppose k - 9 = 4*k. Let b(z) = z**2 - 21*z + 1. Let l(r) = k*d(r) + 2*b(r). What is the remainder when l(8) is divided by 20?
19
Let d(n) = 1 + n**3 + 3*n + n**2 - 4*n + 0*n. Let i = 96 + -94. What is the remainder when 20 is divided by d(i)?
9
Suppose -3*b = 4*q - 174 + 54, -q + 4*b = -30. Suppose -3*p + 3*r + 19 = -p, -2*p - 5*r + 11 = 0. What is the remainder when q is divided by p?
6
What is the remainder when 106 is divided by -4 + -5 + (-123)/(-3)?
10
Let n be (-3)/2*848/(-24). Suppose z + n = s + s, z + 134 = 5*s. What is the remainder when s is divided by 15?
12
Suppose 2*c + 5*f = -2*c + 13, 0 = -3*c + f + 24. Suppose -3*z - 24 = -2*y + c, 4*y - 64 = 4*z. Calculate the remainder when 49 is divided by y.
15
Let u(s) = 208*s**2 + 1. Suppose -2*a - 5 = -3*c, a + 3*a + 2*c = -2. Let k be u(a). Let z = -136 + k. Calculate the remainder when z is divided by 25.
23
Let d(a) = -a**3 + a + 1. Let o(b) = -4*b**3 - 5*b**2 - 3. Let i(p) = -3*d(p) + o(p). Calculate the remainder when 23 is divided by i(-5).
5
Suppose 2*w - 79 - 93 = -4*x, -65 = -w + 5*x. What is the remainder when w is divided by (2/2)/((-6)/(-252))?
38
Suppose 0 = -4*g + 9 - 1. Let h = -288 - -292. What is the remainder when h is divided by g?
0
Suppose 8 + 4 = -3*s - 2*i, 21 = -s + 5*i. What is the remainder when (-1215)/18*4/s is divided by 16?
13
Suppose -19 = -3*r + 5. Let o(w) be the first derivative of w**3/3 + 5*w + 2. What is the remainder when o(4) is divided by r?
5
Suppose -187 - 293 = -10*u. Calculate the remainder when 429 is divided by u.
45
Suppose 4*u = f - 129, -5*f + 656 = -3*u - 74. What is the remainder when f is divided by 34?
13
Let a(n) = n**3 - 12*n**2 + 13*n - 14. What is the remainder when 205 is divided by a(11)?
5
Let o(y) = -105*y - 206. What is the remainder when o(-4) is divided by 36?
34
Calculate the remainder when 335 is divided by ((-8)/3)/(6 + (-728)/117).
11
Let c = 141 + 4. Calculate the remainder when c is divided by 44.
13
Suppose 24 = -6*y - 48. What is the remainder when (-5)/20 - 327/y is divided by 14?
13
Let l(t) = t + 36. Suppose -2*s = 5*g + s - 36, 0 = -4*s - 12. Calculate the remainder when l(g) is divided by 16.
13
Let w = -225 + 246. What is the remainder when 49 is divided by w?
7
Let j(k) = k**3 + k**2 - 1. Let b(o) = o**2 + 2*o - 3. Let a be 